atest common divisor of 14 and x.
2
Let u = 2 + -12. Let b be (1 - -4)*4/u. Let r be b/11 - (-266)/11. What is the greatest common factor of r and 6?
6
Suppose -221 + 51 = -2*h. Suppose 3*s - 110 = h. Suppose -w - 3*q = -14, 4*w - 3*q + 2*q = 108. Calculate the highest common divisor of s and w.
13
Suppose -z = 3*z. Let a(g) = g + 180. Let w be a(z). Let c = 26 + -6. What is the highest common divisor of w and c?
20
Suppose 2*s = 6*s - 48. Suppose 3*q + 336 = 7*q. Calculate the highest common factor of s and q.
12
Let p = 325 - 205. Suppose 2*i - 30 = -0. Calculate the highest common factor of i and p.
15
Let i = 9 + -2. Let d(x) = -18*x + 5. Let o be d(-4). Suppose 3*g - o = 2*g. Calculate the highest common factor of i and g.
7
Let y(p) = 0 + p**2 - 2*p**2 + 4. Let w be y(0). Suppose -w*d - 4*n + 4 = 0, 2*n = -0*n. What is the greatest common factor of 1 and d?
1
Let o = 5 + -7. Let i be o/(-7) - 48/(-28). Let f be 2/(i + (-40)/22). What is the highest common factor of f and 121?
11
Suppose -267 = -4*h - n, -2*h - 63*n = -66*n - 151. Let b = 25 + 9. What is the highest common divisor of h and b?
34
Let j be (2 + -3 - -4) + 69. Suppose 93 - 26 = 3*r - 2*h, -j = -3*r + 3*h. What is the highest common factor of 19 and r?
19
Let x be 9/(-21) - (-8)/((-168)/(-1143)). What is the greatest common divisor of x and 135?
27
Let j be 2 - 0/((-2)/(-1)). Let u = 8 - j. What is the greatest common divisor of u and 66?
6
Let q = 21 - -122. Calculate the greatest common divisor of q and 11.
11
Let i be (108/(-8) - 2)*-2. Suppose 0 = 4*d + i - 283. Calculate the greatest common divisor of 9 and d.
9
Suppose 1 = q - 17. Let x = -67 - -94. Calculate the highest common factor of x and q.
9
Let a(z) = 4*z - 1. Let u(f) = -f**2 + 9*f - 3. Let d(r) = 5*a(r) - 3*u(r). Let k be d(4). Let l = 21 - -15. What is the greatest common factor of l and k?
12
Suppose 0*p = -2*p + 8. Suppose -p*h + 4 = -2*q - 0, -2*h = -6. What is the greatest common factor of q and 20?
4
Let f be (3 - 3)/(-4) - 0. Let k be 3 + f + (-2 - -2). Let m(c) = 2*c**2 - 6*c - 3. Let h be m(6). What is the greatest common factor of k and h?
3
Suppose 3*q + 94 = 6*q - 4*i, 4*q + 2*i - 140 = 0. What is the highest common factor of 2 and q?
2
Suppose -140 - 52 = -4*c. What is the highest common factor of c and 64?
16
Suppose 2*d = -4*m + 3*d + 830, -3*d + 1046 = 5*m. Suppose m = -3*k - k. Let h be (k/(-5))/((-5)/(-50)). What is the highest common divisor of 13 and h?
13
Let b(n) = -n + 4. Let i = 6 + -2. Let p be b(i). Suppose m + m - 3*l - 41 = p, 40 = 5*m + 5*l. Calculate the greatest common divisor of m and 91.
13
Suppose -13*r + 8*r = -270. Calculate the highest common factor of r and 18.
18
Let t be 0/(6 - 3) + (-3 - -58). Let y = 87 + -142. Let m = y + 77. What is the highest common factor of m and t?
11
Let j(u) = u**3 + 35*u**2 + 63*u - 95. Let n be j(-33). Let m = 11 - -5. Calculate the greatest common divisor of n and m.
4
Let i be (198/12)/((-3)/(-18)). What is the highest common factor of 22 and i?
11
Let r(n) = n**3 + 5*n**2 + 2*n + 3. Let y be r(-4). What is the highest common divisor of y and 176?
11
Let o(x) = 5*x - 26. Let z be o(8). Calculate the highest common factor of z and 14.
14
Let d be -1 + 5/((-15)/9). Let g = d + 27. What is the greatest common factor of g and 46?
23
Suppose 0 = f + 5*a + 5, 2*f - 5 = -3*a - 1. Let r(v) = 3*v + 7. Let w be r(6). Calculate the greatest common factor of f and w.
5
Suppose 0*x + 4*x = 12. Calculate the highest common factor of 21 and x.
3
Let i(k) = k**3 - 4*k**2 + 11*k - 6. Let w be i(3). What is the highest common factor of 12 and w?
6
Let q = 86 + -75. Suppose 0 = 4*z - 2*j + 5*j - 179, 0 = 4*z - 4*j - 172. Calculate the greatest common factor of q and z.
11
Suppose -8*y = -0*y - 176. Calculate the greatest common factor of 55 and y.
11
Let c(b) = -b**3 + 4*b**2 + b - 2. Let m = 11 + -8. Let z be c(m). Let u(q) = 11*q**2 - 1. Let p be u(1). What is the highest common divisor of p and z?
10
Suppose -j - c + 3*c + 6 = 0, 0 = -5*j - 4*c + 30. Calculate the greatest common factor of j and 15.
3
Suppose s + 4*b + 16 = 0, s - 4*s - 24 = 4*b. Let j = s - -10. Calculate the greatest common divisor of j and 4.
2
Let c(b) = -b**3 - 3*b**2 + 7*b + 5. Let d be c(-4). Let u be 5/4 + d/28. Let t be 21/3 - u*-2. What is the greatest common factor of t and 45?
9
Let o(i) = -i**3 + 2*i**2 + 72. Let x(y) = y**3 + 1. Let g be x(-1). Let q be o(g). What is the highest common divisor of 9 and q?
9
Suppose 5 = -k - 2*x, 0 = -5*k + 2*x - 1 + 36. Let s(w) = w. Let y be s(1). What is the highest common divisor of y and k?
1
Let k be 152/10 + 5/(-25). Let s be 2/4 - (-33)/(-2). Let g = -11 - s. Calculate the highest common factor of k and g.
5
Let m = -71 + 198. Suppose -3*u + m = -53. What is the highest common divisor of u and 24?
12
Let n = 481 + -283. What is the greatest common factor of 18 and n?
18
Let d = 124 - 60. What is the greatest common factor of d and 16?
16
Suppose 51 + 57 = 4*w. Calculate the greatest common factor of 18 and w.
9
Let d be (42/(-49))/((-1)/14). Let y be d + 2 + 3 + -1. Calculate the highest common factor of 24 and y.
8
Let w(v) = v**3 + v**2 + 57. Let z be w(0). What is the highest common factor of z and 38?
19
Suppose -3*j + 5*i = 0, -3*j + j - 4 = -2*i. Let x be 472/20 - 2/j. Suppose -2*s + 0 = -x. What is the greatest common divisor of 132 and s?
12
Suppose 0 = 3*k - 34 + 13. Calculate the highest common divisor of k and 7.
7
Suppose -12 = -h - o, 0*h + 2*h = 2*o + 8. Let n(a) = -a**3 + 2*a**2 + a - 2. Let c be n(-2). Calculate the highest common divisor of h and c.
4
Let i(p) = p**3 + 0 + 6*p**2 - 3*p + 0 + 4*p + 7. Let k be i(-5). What is the greatest common factor of k and 3?
3
Let z be 8*(-12)/(-8) - -3. Let i = z - 10. What is the greatest common divisor of 15 and i?
5
Let v(a) = a**3 - 4*a**2 - 6*a + 4. Let r be v(5). Let x be (-6)/(-2) - (2 + -4). Let l = x - r. What is the greatest common factor of l and 2?
2
Let k be ((-2)/(-4))/(1/(-2)). Let x be k/(-2)*6*3. What is the greatest common factor of 72 and x?
9
Let p = -17 - -53. Calculate the highest common factor of p and 4.
4
Let s = 42 - 14. Let m = -33 - -117. Suppose 0 = -y - y + m. Calculate the highest common factor of y and s.
14
Let t(g) be the first derivative of 2*g**3/3 - 2*g + 1. Let y be t(2). Suppose -3*z - 48 = -5*z. Calculate the greatest common divisor of y and z.
6
Let r(f) = 12*f - 2. Let g(u) = -u - 1. Let i(c) = -3*g(c) + r(c). Let m be i(2). Let h be m/11 - (-4)/22. Calculate the highest common divisor of 6 and h.
3
Let l = 5 + -8. Let v = l + -4. Let y be (4 + v)*(-108)/2. What is the highest common divisor of y and 18?
18
Let z = 32 - 19. Let x be -3*(1 - 0/(-1)). Let d(r) = 8*r**2 + r - 4. Let u be d(x). Calculate the greatest common divisor of u and z.
13
Suppose 3*b + 0*b = 504. What is the greatest common divisor of b and 21?
21
Let p be 0 + 3 - 11/(33/(-6)). What is the highest common divisor of 15 and p?
5
Let v = -2 - -11. What is the highest common factor of v and 9?
9
Suppose -7*f = -27*f + 120. Calculate the greatest common factor of f and 15.
3
Suppose -5*f + 5*l + 3735 = 0, 0*f - 2241 = -3*f - l. Suppose 7*c - f = -110. Calculate the highest common factor of c and 13.
13
Suppose 76 = -7*t + 8*t. Let c(w) = 4*w**2 + 2*w - 1. Let h be c(2). What is the highest common divisor of h and t?
19
Let n be 4 + 2/4*-4. Suppose n*t - 38 = 4*d, 57 = 3*t + d - 28. What is the highest common divisor of t and 18?
9
Let t = -86 - -112. Calculate the highest common divisor of 78 and t.
26
Suppose 5*k + l = 1304, 3*k - 4*l = 2*k + 244. Calculate the highest common factor of k and 26.
26
Suppose 0 = l + 1 + 2. Let s be (l - -2)*1*-20. What is the highest common divisor of 80 and s?
20
Let u = 64 - 42. What is the highest common factor of 110 and u?
22
Let m be (4/6)/(4/138). Suppose -m = -3*l + 13. Let t be (-12)/(112/(-36) - -3). What is the greatest common factor of l and t?
12
Let h be (-77)/14 + (-2)/(-4). Let s be (h/(-5))/(3/6). What is the greatest common factor of 16 and s?
2
Let n = -33 + 45. What is the greatest common factor of 4 and n?
4
Let s be -2*3/(-18)*36. Calculate the greatest common factor of s and 84.
12
Let d(z) = z - 7. Let a be d(7)